7*b + 1. Let l be (-5)/(-15) - 10/3. Let s be (1 + -4 - l) + -1. What are the prime factors of t(s)?
2, 3
Let i(d) = d**3 - d**2 + d + 5. Let t be i(0). Suppose 0*j = -t*j + 260. List the prime factors of j.
2, 13
Let z be 1666/56 - (-2)/8. Suppose -4*v + z = 2*i, 0*v = -i - v + 11. What are the prime factors of i?
7
Let d be (-9 - 40/(-6))/((-2)/(-120)). Let i = d + 257. List the prime factors of i.
3, 13
Let b be 30/18 + (-2)/(-6). Suppose b*q - 5*q - 18 = 0. List the prime factors of (3/q)/(1/(-58)).
29
Let l(q) = -q**2 - 10*q - 2. Suppose 4*o + 5*m = 47, o + 0*o - 3*m - 16 = 0. Suppose -28 + o = 3*x. List the prime factors of l(x).
23
Let t(w) = -13*w**2 + 7*w - 1. Let r be t(2). Let g = r - -110. List the prime factors of g.
71
Suppose -7*z - 7*z = -7924. List the prime factors of z.
2, 283
Let z(r) = 26*r + 33. Let v be z(12). Let x = v - 218. What are the prime factors of x?
127
Suppose 0 = -3*c - 6, -5*y + 12*c = 8*c - 548. What are the prime factors of y?
2, 3
Let f(x) = -37*x + 98. List the prime factors of f(-13).
3, 193
Suppose 0*l = -4*l - 532. Let s = l - -207. What are the prime factors of s?
2, 37
Let w = -133 - -142. Suppose 39 = 10*n + w. What are the prime factors of n?
3
Suppose 2*k - 5*j - 2126 - 409 = 0, 2 = 2*j. List the prime factors of k.
2, 5, 127
List the prime factors of (-559608)/(-294) + (-4)/(-7).
2, 7, 17
What are the prime factors of (-10675)/(-25)*2/2?
7, 61
Suppose -3*u - 15 = -0*u, -1 = -3*h - u. Suppose -2*k + 10 = 2. What are the prime factors of (h + 1)/(k/20)?
3, 5
Let i(v) = -v**2 + 12*v + 22. Suppose -o + 59 = 4*o + 3*h, 15 = o - h. List the prime factors of i(o).
3
Suppose -5*u + 666 = -0*r + 2*r, -u + 130 = 2*r. Let j(v) = v**2 - 5*v - 5. Let p be j(-7). Let z = u - p. What are the prime factors of z?
5, 11
Suppose -3*y + 3*s + 12 = 0, 0 = -2*y - y - 3*s. Suppose 144 = 3*i - y*g, -2*i - g + 53 = -i. Suppose -1 = -3*z + i. What are the prime factors of z?
17
Let c(i) = i**3 + 11*i**2 - 15*i - 8. List the prime factors of c(-6).
2, 131
Let n(l) = -48*l - 32. Let a be n(-4). Suppose 369 = 5*q + 3*h, -2*q + 2*h = -3*h - a. What are the prime factors of q?
3, 5
Suppose -k = -3*p - 265, 0 = p - 2*k - k + 75. Let a = p + 129. What are the prime factors of a?
3, 13
Let y(a) = -a**3 + 64 + 58 - 23 - a**2 - 20. Let i be y(0). Let b = -52 + i. List the prime factors of b.
3
Let p = -10 - -34. Suppose f - p = -3*f. List the prime factors of f.
2, 3
Suppose -k - 2 = 3, -3*r + 11014 = -5*k. List the prime factors of r.
3, 11, 37
Let t be 18 + 2*(-6)/3. Suppose t + 6 = 10*j. What are the prime factors of j?
2
Suppose 7*f - 172 = 3*f. Suppose -3*s + f = -2*s. List the prime factors of s.
43
Let u be (11 + -5)/((2/102)/(-1)). Let x = -169 - u. List the prime factors of x.
137
Suppose -452 = -5*h - 67. What are the prime factors of (h - 1) + (-18 - -16)?
2, 37
Suppose 5 = 2*x + p - 3, 0 = 5*x + 5*p - 20. Let o be 2/x - 9/(-6). List the prime factors of (o - 3)*3 - -11.
2
Let i = -1033 + 663. List the prime factors of i/(-2) + 1 + 1.
11, 17
Let l(n) = 54*n - 150. List the prime factors of l(13).
2, 3, 23
List the prime factors of (46 - 4)/(-6) + 556.
3, 61
Suppose 4*j - 2*k - 150 = -0*j, 4*j - 175 = -3*k. Let z = -23 + j. What are the prime factors of z?
17
Suppose -10*s + 12*s - 1342 = -r, -r = 4*s - 1338. What are the prime factors of r?
2, 673
Let a = 6351 - 2375. List the prime factors of a.
2, 7, 71
Let k(i) = -i**2 + 14*i - 13. Suppose -4*q = -92 + 28. Let j be k(q). What are the prime factors of (-2238)/(-90) - 6/j?
5
Suppose 0 = -359*g + 371*g - 44436. List the prime factors of g.
7, 23
Suppose -8440 = -4*l + 29*u - 25*u, -2*l - 3*u + 4215 = 0. List the prime factors of l.
3, 19, 37
Suppose p = -3*q - 6, -5*q - 5*p - 20 = -0*p. Let i(j) = -j. Let z be i(q). What are the prime factors of z*9 + 0/3?
3
Let d = -6 - -39. Let j = -10 - -66. Let u = j - d. List the prime factors of u.
23
Let s(t) = t**2 - 2*t. Let m be s(3). Suppose 2 = -2*o - 5*a - m, -4*o - 31 = 3*a. Let d(y) = -3*y - 5. What are the prime factors of d(o)?
5
Suppose 1571 = 3*n - 4*t, n + t - 512 = -0*n. What are the prime factors of n?
11, 47
Suppose 0 = -6*p + 710 + 4720. What are the prime factors of p?
5, 181
Suppose 5*a + b = 97, 24 + 47 = 4*a + 3*b. What are the prime factors of ((-19)/(-4))/(1/a)?
5, 19
Let b(p) = 364*p**3 - 3*p**2 + 10*p - 10. What are the prime factors of b(2)?
2, 3, 5, 97
Suppose -r - 3*v - 2*v = -308, -2*r = -4*v - 658. List the prime factors of r.
17, 19
What are the prime factors of 134*(-16)/(-72)*9?
2, 67
Suppose 3*k - 6*k = 2*o - 115, k = 4*o - 223. Suppose j + 3*j + o = 0. Let l = -9 - j. What are the prime factors of l?
5
Let d(u) = -6*u - 3. Suppose 4*t - 2*t + 14 = 0. What are the prime factors of d(t)?
3, 13
Suppose 5*s = 4*l + 1, -s + 0*l + 1 = -l. Let q(d) = -2*d**2 + 4*d + 1. Let v(y) = y**2 - 3*y. Let b(p) = -3*q(p) - 4*v(p). List the prime factors of b(s).
3, 5
Suppose 1184 + 618 = -2*u. Let h = -629 - u. List the prime factors of h.
2, 17
Suppose -11*y + 6*y + 9205 = 0. What are the prime factors of y?
7, 263
Let k = -16 + 20. Suppose k*o - 24 = -5*r - 56, 4*o = -r - 16. Let g = 10 + r. What are the prime factors of g?
2, 3
Let c(x) = x - 9. Let f be c(7). Let j be f/3 + 846/(-27). Let l = j + 52. List the prime factors of l.
2, 5
Suppose q - h = 3*h + 177, 0 = -q + h + 162. Suppose -53 = 3*d + q. What are the prime factors of ((-14)/(-35))/((-1)/d)?
2, 7
Suppose f + 4 - 2 = 0, 6 = 5*x - 3*f. Suppose 2*l = -l + 9. Suppose x = -3*s + 2*p + 59, p = 5*s - l*s - 39. List the prime factors of s.
19
Let w(k) = k**3 - 13*k**2 + 29*k + 12. Let h be w(10). Suppose 3*g - 599 = 3*d - 2*d, 0 = -h*g - 4*d + 418. What are the prime factors of g?
3, 67
Let f(s) = -s**3 - 7*s**2 - 2*s - 4. Let i be f(-10). Suppose -i = -a - a. What are the prime factors of a/14 - (-8)/(-28)?
11
Let q(b) = -b**2 - 4*b - 1. Let k be q(-3). Let j = -411 - -417. Suppose -k*d + 24 = -j. List the prime factors of d.
3, 5
Let w(d) = d + 2*d + 4*d**2 + 2*d - d**2 - 14. Let c be w(-6). Suppose -c = -4*n + 56. What are the prime factors of n?
2, 3, 5
Suppose -3*j - 4*c + 3*c + 885 = 0, 4*c = -2*j + 600. List the prime factors of j.
2, 3, 7
List the prime factors of (837/(-15))/(27/(-90)).
2, 3, 31
Let j(b) = 3*b**3 + 2*b - 3. Let i be j(2). Let u be (-272)/10 - (-5)/i. List the prime factors of 2 - u - (-2)/(-2).
2, 7
Let r(h) = 2*h - 10. Let q = -118 - -178. Suppose 5*u - 5*i = q, -34 - 30 = -5*u + 4*i. What are the prime factors of r(u)?
2, 11
Suppose 0 = 6*w + 2*w + 8. List the prime factors of 96 - 1/((-3)/(-6))*w.
2, 7
Suppose -h + 1 = 5*o, -o = -5*o + 5*h - 5. Suppose -4*l = 5*u - 573, 4*l - 579 = -o*l - 3*u. What are the prime factors of l?
3, 7
Let o(b) = -b**2 - 9*b - 5. Let f be o(-8). Suppose 4*r + 2 = f*r. What are the prime factors of (53 - (r - 1))/2?
2, 7
Let v(c) = 39*c**3 + 2*c**2 - c. Let u be v(1). What are the prime factors of 60*1/(25/u)?
2, 3
Let u(k) = 18*k**2 - k + 17. What are the prime factors of u(6)?
659
Let m(q) = q**2 + 14. Suppose -8*w = -9*w - 11. What are the prime factors of m(w)?
3, 5
Let g(u) = 2*u**2 + 6*u + 9. Let d be g(4). Let c = d + -21. List the prime factors of c.
2, 11
Suppose -3*d - 4*z = d - 392, 0 = -5*z + 20. Suppose r = 2*w - 56, -r = 3*w - 0*w - d. List the prime factors of w.
2, 3, 5
Suppose p + 853 = 3*t, 0 = t + t + 4*p - 592. List the prime factors of t.
2, 11, 13
Let z(w) = -18*w. Let o(b) = -2*b. Suppose 0 = -4*v + 5*s + 24, 3*s + 0*s + 7 = -5*v. Let l be o(v). What are the prime factors of z(l)?
2, 3
Let k(y) = 4*y**2 - y + 1. Let f be k(1). Suppose f*p - p - 483 = 0. What are the prime factors of p?
7, 23
Let f = 125 - 74. Let g be (-10)/(((-12)/(-6))/(-1)). Suppose -3*x + 2*b = -90 - 76, f = x - g*b. List the prime factors of x.
2, 7
Suppose 4*x = -5*k + 360, 0*x + k - 174 = -2*x. Let i = -48 + x. What are the prime factors of i?
37
Let g be 167/(-4) + -4*(-3)/(-48). Let l = 69 + g. What are the prime factors of l?
3
Let u(o) = 63*o + 12. Let n be u(6). Suppose -4*v + 3*z = -310, -4*v + 5*z = v - n. What are the prime factors of v?
2, 19
Let q = 9 + -7. Suppose -209 = -q*c + 19. What are the prime factors of c?
2, 3, 19
Let t = -11 + 17. Let u(n) = 7*n + 14. Let g(h) = 13*h + 29. Let 